 -4*n + 1. Suppose 5*i = -4*q + 3, 0 = -2*i + q - 0 - 4. Let h be k(i). What is the tens digit of 26*(-1)/(h/(-20))?
0
Let y = 1658 + 788. Suppose -15*o + 2399 + y = 0. What is the units digit of o?
3
Suppose p = -2*b + 589, -2*p - p - 1500 = -5*b. Suppose b - 3633 = -12*q. What is the units digit of q?
8
Let j be 2*(-1 + (-5)/(-10)). Let u(h) = -9*h**3 + 3*h**2 + 3*h. Let n be u(j). What is the units digit of ((-6)/n + 0)/((-2)/423)?
1
Let j be (28/(-8))/7*-16. Let f be (6/j - 0)/((-96)/(-256)). Suppose 2*h - 504 = -5*w, -f*w - 99 = -3*w - h. What is the units digit of w?
2
Let t = 146 + -143. Suppose -6*u = -11*u - 4*y + 979, t*y = -3*u + 588. What is the units digit of u?
5
Let u be (-1)/(3*(-1)/(-75)). Let x(k) be the third derivative of k**5/60 + 5*k**4/6 + k**3/3 - 5*k**2 - 17*k. What is the hundreds digit of x(u)?
1
Let i(q) = 212*q**2 - 10*q + 125. What is the thousands digit of i(-6)?
7
Suppose d - 2*w - 13 = 0, -9*d = -8*d - 4*w - 3. Suppose d*u = 11880 + 10637. What is the units digit of u?
9
Let f be (-200)/(-34) + 10/85. Suppose w - f*w = -25. Let a(y) = 12*y + 25. What is the units digit of a(w)?
5
Let n(k) = -2*k**3 + 4*k**2 + k + 1. Let i be n(2). Suppose i*w - 6 = 2*w. What is the tens digit of 2*(-4)/16 - (-261)/w?
4
Let y(s) be the third derivative of 19*s**4/24 + 8*s**3/3 - 19*s**2. Let f(c) = 20*c + 16. Let k(a) = 4*f(a) - 3*y(a). What is the tens digit of k(4)?
0
Let r = 72050 + -22553. What is the units digit of r?
7
Suppose v - 2*h = -87 - 35, 0 = 3*v + 5*h + 410. Suppose -12*l + 40*l - 16133 = -45*l. Let s = v + l. What is the tens digit of s?
9
Let d = -801 - -811. Suppose 5*q = -25, -3*b - d*q + 11*q + 4535 = 0. What is the hundreds digit of b?
5
Let v = -3766 - -7341. What is the tens digit of v?
7
Let f(u) = 4*u**2 + 19*u + 46. Let i(v) = -v**3 - 11*v**2 + v + 27. Let o be i(-11). What is the hundreds digit of f(o)?
3
Let g(l) = l**3 + 6*l**2 + 3. Suppose 2 = o - n + 3, -o + 14 = -4*n. Let j be g(o). Suppose -v + 25 = j*c, -3 = -3*v + 9. What is the units digit of c?
7
Suppose -8*f + f = -21. What is the units digit of (-525 + -2 + 1)/(1 - f)?
3
Let r = -244 - -491. Suppose 246*a - r*a + 596 = 0. What is the tens digit of a?
9
Let r = -6083 - -12971. What is the units digit of r?
8
Suppose l = 5*z + 5*l - 331, -2*z = 3*l - 131. Suppose -84*h + 1615 = -z*h. What is the units digit of h?
5
Let p(v) = v**3 - 9*v**2 + 16*v - 12. Let j be p(7). Suppose -16 = j*h - 26. Suppose -h*x + 2*y = -100, -2*y + 5*y = 15. What is the units digit of x?
2
Let n(i) = -32*i + 28. Suppose 3*l = y - 7, -2*y - l = 4*l + 19. Let j(b) = 16*b - 14. Let d(m) = y*n(m) - 5*j(m). What is the units digit of d(-4)?
8
Let u(l) = -44*l**2 - 6*l + 5. Let r be u(-3). Let c = r + 463. What is the units digit of c?
0
Suppose -30*w + 26*w = -120. Let s = -1 - w. Let i = 42 + s. What is the tens digit of i?
1
Suppose 6*t - 2*t - 4*k = 13548, -2*k + 2 = 0. Suppose -19*p = -5*p - t. What is the units digit of p?
2
Let k(m) = -11*m**2 + 18*m + 16. Let l be k(-8). Let w = l - -1216. What is the hundreds digit of w?
3
Let l(x) = x**3 + 8*x**2 + 5*x + 10. Let n be l(-7). Let u(z) = -8 + 108*z - 35*z + 42*z + n*z. What is the units digit of u(1)?
1
Let m(d) = -d**3 + 71*d**2 + 179*d - 386. What is the units digit of m(73)?
3
Let s(f) = -12*f**3 - 6*f. Let y be s(-3). Suppose 4*r + 5*q + y = 1087, -3*q = -5*r + 922. What is the tens digit of r?
8
Let s(g) = -8 + 6 + 2*g**2 - 18. Let o be s(4). Suppose -o = 3*b, -b - 360 = -4*t + 3*b. What is the tens digit of t?
8
Let w = 17 + -14. Let u be 2 + 0 - (3 - w). Suppose -u*z - 190 = -4*v, -4*v + z = 5*z - 160. What is the tens digit of v?
4
Let m = -20391 + 49852. What is the thousands digit of m?
9
Let a be (-230355)/(-405) + (-2)/(-9). Suppose 4*y - 2295 = -3*q, -2*y - a = -3*y + 4*q. What is the hundreds digit of y?
5
Let y = -20 - -24. Let r(i) = 11*i - y*i - 130*i**2 + 11 + 150*i**2. What is the hundreds digit of r(-3)?
1
Let i = -12110 - -19253. What is the units digit of i?
3
Let p(k) = -k**2 + 13*k - 24. Let a be p(12). Let b be (a/18)/(2/(-3)). Suppose 5*t - 13 = z, b = -5*t - 4*z - 1. What is the units digit of t?
2
Let d = 687 + -679. Let s(w) = 218*w - 287. What is the hundreds digit of s(d)?
4
Suppose 756*f - 767*f + 289564 = 0. What is the units digit of f?
4
Let r = -6 + 61. Let d = r - 53. Suppose d*s = 4*q - 9*q + 245, 0 = 2*q + 4*s - 82. What is the units digit of q?
1
Suppose -16645 = -o + 2*g, -9*g + 83303 = 5*o - 6*g. What is the thousands digit of o?
6
Suppose 4*b - 10*b + 42 = 0. Let g be ((-228)/(-30) - b)/((-2)/(-10)). Suppose -5*n + 442 = g*j, 2*j + 0*n - 296 = -2*n. What is the units digit of j?
9
Suppose -s - 18 = -5*h + h, 2*s - 4 = 0. Let n = -23 - -28. Suppose 0 = h*q + c - 219 + 34, c - n = 0. What is the units digit of q?
6
Let q = 95 + -95. Suppose b = -q*s - 4*s + 139, -2*s + 2*b = -82. Suppose g - 82 = s. What is the hundreds digit of g?
1
Let y(z) = 51*z**3 - 7*z**2 + 13. What is the tens digit of y(7)?
6
Let c be (-5448)/6 - (7 - (0 - -3)). What is the units digit of (2/(-4))/(3*8/c)?
9
What is the tens digit of 1740/(-96) + 18 - (-365257)/8?
5
Suppose 0 = 72*f - 4*f - 433587 - 112181. What is the tens digit of f?
2
Let o(p) = 28*p - 23. Let n be o(1). Suppose -4*j + 1224 = 3*r - 1833, 747 = j - n*r. What is the hundreds digit of j?
7
Let g be 4*((-60)/18)/(16/(-30)). Suppose 5*h - 8 = -4*o, -2*o + 5*h = 1 + g. What is the tens digit of o*(-1)/6*148?
7
Let u(s) = 18*s**2 - 16*s - 50. Let h be u(23). Suppose -270*m - h = -278*m. What is the thousands digit of m?
1
Let s(g) = 3*g + 28. Let d be s(-9). Let v = d + 20. Suppose 16*m = v*m - 835. What is the tens digit of m?
6
Suppose 0 = y - 4 - 1. Let s(h) = -13*h + 647. Let z be s(50). What is the tens digit of (y + z)/(1/17)?
3
Let c(j) = j**2 - 3 - j**2 + j**2 - 11*j + 0*j**2. Let d be c(11). Let m(p) = -61*p + 12. What is the tens digit of m(d)?
9
Suppose -10 = 2*i + 5*c, -2*c + 3*c = -2. Let q(z) = 10*z - 19*z + 2*z + 39. What is the units digit of q(i)?
9
Suppose 2*z = 3 + 3. Let a(l) = 3*l**3 - 4*l**2 + 8*l. Let j(x) = -7*x**3 + 9*x**2 - 17*x. Let r(i) = -9*a(i) - 4*j(i). What is the tens digit of r(z)?
1
Let d(p) = p + 22. Let c be d(-14). What is the tens digit of 5232/10 - c/40?
2
Let p = -167 + -404. Let u = p - -1041. What is the hundreds digit of u?
4
Let q be (-60)/(-14) - (-6 - (-44)/7). Suppose -3*t = q*t. Suppose t = -2*w - 13 + 141. What is the tens digit of w?
6
Suppose -9*u + 10*u - 1 = 0, -4*c = -4*u - 16. Suppose -8*p = -3*p + c*y - 7225, -4 = -y. What is the units digit of p?
1
Suppose -3*t = -p + 15349, p - 10082 = 5*t + 5277. What is the thousands digit of p?
5
Suppose -4*x + o + 177 = -4*o, 0 = o + 1. Let l = x - 35. Suppose -2*k = -5*k + g + 580, -l = 2*g. What is the hundreds digit of k?
1
Let d(a) = 83*a + 62*a + 85*a - 208*a - 23 + 3*a**2. What is the units digit of d(14)?
3
Let g(l) be the first derivative of l**5/30 - 5*l**4/6 - l**3/6 + 9*l**2 + 5. Let v(z) be the second derivative of g(z). What is the tens digit of v(14)?
1
Let n = -56 + 185. Let y = 335 - n. What is the units digit of y?
6
Suppose -2*a - 992 = -4*a. Suppose a = 4*i - 1300. What is the hundreds digit of i?
4
Suppose 2 = -g, 0*g = 4*r + g - 6. Let w be (4 - 0) + r - 2. Suppose 2*v + 7*i = 5*i + 128, 3*v = w*i + 157. What is the tens digit of v?
5
Let x(d) = 29*d**3 - 548*d**2 + 29*d + 19. What is the tens digit of x(20)?
9
Let j = -632 - -1127. Let v = j + 126. What is the units digit of v?
1
Let m = 101 - 101. Let w(s) = -s**3 - s**2 - 1674. Let v be w(m). What is the tens digit of 4/((-32)/v) - (-2)/(-8)?
0
Let c = -72 - -76. Let h(i) = -i. Let j(b) = -9*b - 1. Let o(d) = c*h(d) - j(d). What is the tens digit of o(8)?
4
Let a be -2846*(-1 - -5)/(-8). Suppose 3*r - 1586 = -3*s + a, -1000 = -s - 4*r. What is the units digit of s?
4
Let h = 33 - 30. Let u be (-1)/h - ((-35)/15)/7. Suppose u = 2*c + 2 - 26. What is the tens digit of c?
1
Let v(f) = 4*f**3 + 19*f**2 - 29*f + 11. Let s(k) = -k**3 + 2*k**2 + k. Let l(c) = 3*s(c) + v(c). What is the tens digit of l(-25)?
6
Let h(s) = -20*s**3 + 17*s**2 - 94*s - 24. What is the units digit of h(-10)?
6
Let f(l) = -104*l + 28. Let r be f(-6). Let g = r - 454. What is the units digit of g